s 340 - 314 - (-2 - -23)?
5
What is (-13 - -2) + -11 + (6 - (25 - 12))?
-29
-7 + 2 + 1 + (12 - 9) + 8
7
What is 0 + 10 - -5 - (-127 - -153)?
-11
Calculate -16 - 0 - ((38 - 18) + -25).
-11
What is the value of 749 - 761 - ((2 - 0) + -5 + 0)?
-9
What is 46 - (28 + 56) - (-19 - -1)?
-20
Evaluate (16 - (46 + -27)) + 7 + 1.
5
What is (-12 + -35 - -30) + 11 - (9 + -1)?
-14
Calculate (1 - -3 - (20 + -11) - -32) + -4.
23
What is the value of (3 - -11) + (-5 - (-1 - 1))?
11
What is (4 - -1 - 1 - -10) + 6 + 2?
22
Evaluate (-53 - (-33 + 21)) + 20.
-21
What is the value of 1 + (15 + (13 - 17) - 14)?
-2
-4 + (1 - (-8 + 8 - 2)) - -21
20
What is the value of (-4 - 0 - -17 - (1 - -6)) + 1?
7
Evaluate 22 - (-10 + -26) - (18 + 2).
38
Evaluate (2 - 16) + -11 + 3 + -5.
-27
5 + (5 - 19 - -6) + 11 + -1
7
What is 0 + 29 + (-23 - -1)?
7
Calculate -7 + 22 + 18 + -19.
14
Evaluate (-45 - (-21 + -20)) + (0 - 18).
-22
Evaluate -18 + -10 + 17 + (-2 - (2 + -9)).
-6
What is -7 + (18 - 2) + (-3 - -1)?
7
What is 0 - 7 - ((12 - 5) + -5 + -7)?
-2
Calculate -47 - (-1 + -8 + 4 + -13).
-29
Evaluate -5 + 3 + -2 - (17 - (16 + -16)).
-21
-1 - (1 + -15 + 5) - 25
-17
What is the value of 12 - (7 + -9 + (3 - -2) + -5)?
14
What is the value of 101 + -103 - (-3 - 13)?
14
What is -7 - (-5 + -1) - (2 + 1 + -3)?
-1
What is the value of (-14 - (13 + -2 + -22)) + 8?
5
Calculate -1 + (4 - (-1 + 5 - (7 - 5))).
1
28 - (3 - 8) - 0
33
What is the value of (3 - (2 + -5) - 13) + -5 + -3?
-15
-3 + (1 - -9) + (-77 - -61)
-9
What is the value of (11 - (27 - 10)) + -11 + -1 + 10?
-8
What is the value of (-3 - (-30 - -23)) + -21?
-17
Evaluate 5 - (-1 + 7 - (-59 - -65)).
5
Calculate (3 - 2) + 12 + (-13 - -16) + -4.
12
Calculate (0 + 16 - 33) + 5.
-12
Calculate 1 + -6 - (2 - -8 - (-106 + 112)).
-9
Evaluate 4 + -5 + 3 + -8.
-6
(4 - (0 - -8)) + (0 - -25)
21
What is the value of -8 - 4 - -9 - -11 - -15?
23
What is 3 + (0 - 2) - -8 - 7?
2
What is the value of -203 + 203 - (-14 - 1) - 26?
-11
What is -8 + (8 + -5 + 7 + -9 - -14)?
7
21 + 4 + -12 - 10 - (-1 + 12)
-8
Calculate -19 + 22 + 0 + -23.
-20
What is the value of 14 + -5 + (123 - 123 - (7 + -1))?
3
What is the value of 5 + (-30 - -37) - (-3 + -4)?
19
Calculate -242 - -268 - (1 - -9).
16
Calculate 15 - (-16 + 10 - -24 - 15).
12
Calculate 10 + (-7 - -5) - -2 - 5.
5
12 - ((-2 - 8) + 138 + -135)
19
-3 + (6 - 2) + (-17 - -19)
3
Calculate 13 - ((8 - -1) + -6 + 2).
8
What is the value of 1 + -4 - ((2 - 40) + 20)?
15
What is -24 + (-12 + 90 - 28)?
26
What is the value of (75 - 64) + 0 + -2?
9
-1 + 0 + 0 + 1 - -9
9
Evaluate -15 + -5 + 1 + 25 - (0 - -15).
-9
Calculate (-4 - -17) + (-11 - -1) - (4 - 1).
0
Evaluate -33 + 7 - (-78 - -54).
-2
-3 - (-2 + 3) - (76 + -87)
7
What is the value of 32 + -1 + (537 - 583)?
-15
What is the value of -2 - (-11 + -8 + 19)?
-2
What is the value of 3 - (17 - (4 + -1 + (3 - 13)))?
-21
Calculate -4 + (6 - 23) - -29.
8
What is -8 - (-15 + -16 - -18 - 9)?
14
-4 - (0 + 0) - (-1 - 40 - -33)
4
-42 - (13 + (20 - 47))
-28
What is the value of 1 + -3 + -9 + 24?
13
What is the value of -5 + (-3 - 1 - (11 + -17)) + -8?
-11
What is 11 + (7 - 9) + -19?
-10
Evaluate -6 + -9 + 8 + 4 - -10.
7
Calculate 9 - (-5 + 0 - (-9 - (-11 + 3))).
13
What is 67 + -33 - (5 - 9 - -5)?
33
What is the value of -2 - (8 - (10 - 3)) - (-5 + 1)?
1
(4 - (3 + 8) - -1) + -95 + 95
-6
What is 11 + (-53 - -18 - -16)?
-8
What is the value of (9 - (13 + -21 + (7 - -2))) + -6?
2
What is -2 - (-21 - -14 - -39)?
-34
What is -11 + (2 - (0 - 8)) + -10?
-11
What is -6 + -2 - (8 + 1 - (1 - -5))?
-11
Evaluate 7 - (6 - -2 - -8).
-9
What is 6 + 7 - 15 - (-1 + 3)?
-4
Evaluate -2 - (-15 + (-17 - -33)).
-3
Calculate 169 + -173 + (0 - 6).
-10
-15 - -18 - 5 - 1
-3
(13 - ((-3 - -16) + -27)) + -2
25
(-16 - -1) + -314 + 310
-19
What is the value of -12 + 7 + (-6 - 5) + -2 + 6?
-12
Evaluate 20 + (33 - 19 - 46).
-12
Calculate 18 - (-1 + -10 + 20 + 0) - 22.
-13
Evaluate 12 - 1 - (-457 - -476).
-8
What is the value of (-2 - 2 - (-17 + 36)) + -8?
-31
What is the value of (-1 - -3) + -9 + 4 + (-3 - -3)?
-3
-76 - -77 - (-3 - -1)
3
Calculate (-19 + 2 - (42 + -42)) + 12.
-5
What is (-10 - -1) + 5 + -1 + (8 - -1)?
4
Calculate 193 - 196 - (10 - 3).
-10
What is -20 + (29 - -6) - 36?
-21
What is -1 + -6 + (369 - 353 - (9 - 0))?
0
(5 - (-1 - 11)) + (9 - (4 - -14))
8
38 + -13 + -72 + (15 - 1)
-33
What is the value of 11 + (14 - 2) + (35 - 38)?
20
Calculate -2 - (13 - 4) - ((-35 - -17) + 21).
-14
What is the value of (16 - -15) + -16 + -7?
8
What is -15 + 6 + -5 + -2 - -5?
-11
What is the value of -1 - (-7 + (11 - -2)) - (13 + 17)?
-37
What is the value of (-8 - -40) + 1 - (17 + (1 - 11))?
26
What is 30 - 25 - (4 + 1)?
0
What is the value of -18 + (35 - 23) - (-1 + -1 + 2)?
-6
What is the value of -581 - -565 - ((-37 - -4) + 3)?
14
What is the value of -18 - (-1 - 10) - -22?
15
What is 25 - 15 - (1 + 12 - -3)?
-6
(-1 - ((-1 - -1) + -1)) + 8
8
What is -17 - (-2 + 18 - (9 + 2 + -3))?
-25
What is -28 - -3 - -7 - -2 - (-4 - 3)?
-9
What is 38 - 55 - (-27 + 3)?
7
Calculate (-2 - (-10 - -14)) + -8 + 9 + 1.
-4
Evaluate 6 + 1 - (259 - 251).
-1
Evaluate 20 + (-49 - -15) - -37.
23
Evaluate -5 + (-36 - (3 - (13 + 4))).
-27
Evaluate -8 - ((4 - -31) + -72).
29
What is the value of 13 - 13 - (10 + -4) - -25?
19
Calculate (-10 - 0) + (-10 - -11) + -16.
-25
Calculate -3 + 2 + 10 + -13 - 20.
-24
2 + 3 + (-4 - (-4 + (7 - 2)))
0
What is the value of 12 + (8 - 6) + (-4 - (4 + 0))?
6
Evaluate 32 + -32 - (2 - 4) - 2.
0
Evaluate 2 + 1 - (2 + -15 + 6 + -9).
19
Calculate -9 - (-3 - 2) - 3.
-7
What is the value of 1 + -11 + 2 + (-15 - (-64 - -20))?
21
Evaluate (-10 + -1 - 6 - 5) + 4.
-18
Evaluate -5 + 7 + -5 - (8 + -2).
-9
Evaluate 6 + -43 + 1 + (121 - 106).
-21
-1 - (11 + -19 + 23)
-16
Calculate -24 + 36 + (1 - 9) - -9.
13
Calculate (18 - 2) + -22 + 7.
1
What is -3 + (18 - (38 - 17))?
-6
Evaluate (-80 + 59 - -14) + (-1 - 0) + 14.
6
Calculate -4 + -3 + -8 - -8 - (2 - 0).
-9
(6 + 1 - 6 - -1) + 28
30
1 - ((-34 - -20) + 23)
-8
What is the value of (-10 - -5) + -8 - -23?
10
What is (-487 - -487) + (-21 - 1)?
-22
60 + 23 + -80 + (-1 - -3)
5
12 - -1 - (251 - 247)
9
Evaluate -8 + (12 - (-11 + 25)).
-10
Evaluate 9 + -11 + 9 + -10 - (-15 + -1).
13
What is (-5 + -2 - -24) + -10 - 20?
-13
Evaluate 7 + (4 - -3 - -4 - 21).
-3
Evaluate (-40 - -43) + -5 + 2 + 1 + -1.
0
Evaluate 0 - ((-18 - -3) + -8) - 7.
16
Evaluate -2 + (-3 + 6 - 9) + -4.
-12
What is -5 + (26 - 12 - (2 - -1))?
6
Evaluate (54 + -56 - -1) + (1 + -1 - 28).
-29
2 + 12 + -4 - (-1 + 0)
11
What is the value of 13 - (14 + -3 + (7 - 17))?
12
What is 27 + -18 + 4 - -3 - -2?
18
Calculate 6 - (10 - (2 + -11 + (-6 - -9))).
-10
What is 1 - (2 + -2 - (8 - 14))?
-5
Evaluate (-9 - (-8 + 1) - 10) + 3.
-9
-4 + 5 + 3 + -7 + 5
2
What is -27 + 40 - (18 - 1)?
-4
-14 - (-35 - -41 - (3 - -1))
-16
Evaluate -29 + 40 + (-20 - -27).
18
What is the value of (2 - 7) + 5 + -3 + -3 + -5?
-11
What is 3 - (-1 + 7 + (1 - 23) + 4)?
15
What is -12 + 7 + 19 - -8?
22
Evaluate 0 + (-3 - -10 - 2) + -17.
-12
Calculate -26 - (-4 + 0) - (-10 - 1).
-11
What is (-1 + -2 - -6) + (-9 - -9) + 14?
17
Evaluate (-4 - -6) + (12 - -2 - 3).
13
What is the value of -4 + (-2 - 18) + 10?
-14
Calculate -3 + -1 + (27 - 26) + 0 + -7.
-10
What is the value of (-1591 - -1564) + 0 + (3 - 0)?
-24
Calculate 0 + -12 + (2 - (7 - 13 - -2)).
-6
-11 - ((-20 - -31) + 12) - -12
-22
What is the value of 35 - (-18 - -9 - -13) - (-10 - -15)?
26
20 + -23 + 14 - 3
8
(15 - -11) + -26 + 14
14
What is the value of -18 + 5 + 59 + -43?
3
(-7 + 40 - 81) + 20
-28
Evaluate -39 - -1 - (-58 - (71 + -126)).
-35
Evaluate (-48 - -40) + -7 + -1 + 31.
15
Evaluate -12 + 28 + 9 - 1.
24
-91 + 74 + (-1 - -26)
8
Calculate 21 + -13 + -8 + (-2 - (2 + 3)).
-7
32 + (5 - -10) + -35
12
Calculate -6 - -2 - (5 + -2 + 4).
-11
What is (11 - (-16 - -30)) + 2 + 4?
3
What is the value of (4 - -1) + (7 + -24 - -27) + -6?
9
What is -7 - (-28 - (-19 + 10))?
12
Calculate -15 + 13 + -9 + 11.
0
Calculate (-2 - 7) + 3 + (10 - -3).
7
-8 + (-2 - -3) - (-25 - (-32 - -7))
-7
What is the value of -4 - ((0 - -16) + -7 + -17)?
4
Calculate -8 + 0 + (46 - 25) - (3 + 3).
7
Calculate -5 + (2 - 1) - (15 - 11 - 6).
-2
Evaluate (-1 + -4 - 6) + -5 + 2 + 5.
-9
What is 13 - (11 + 38 + -12)?
-24
What is (2 - 1 - ((9 -